tor of 1854?
False
Does 16 divide 39808?
True
Is 12 a factor of 1068?
True
Is 7 a factor of 3465?
True
Is 4725 a multiple of 21?
True
Does 18 divide 504?
True
Is 112 a factor of 28663?
False
Does 249 divide 8715?
True
Is 2376 a multiple of 27?
True
Is 23 a factor of 299?
True
Is 4 a multiple of 4?
True
Does 129 divide 1456?
False
Is 12 a factor of 264?
True
Is 59 a factor of 2175?
False
Is 48 a factor of 5664?
True
Is 150 a multiple of 25?
True
Does 10 divide 769?
False
Is 522 a multiple of 18?
True
Is 365 a multiple of 73?
True
Is 8586 a multiple of 165?
False
Is 3 a factor of 595?
False
Is 51 a factor of 7876?
False
Is 11 a factor of 240?
False
Is 33 a factor of 58872?
True
Is 11 a factor of 2662?
True
Is 125105 a multiple of 191?
True
Is 2173 a multiple of 4?
False
Does 119 divide 4403?
True
Does 26 divide 78?
True
Does 18 divide 972?
True
Is 6 a factor of 288?
True
Is 127 a factor of 21275?
False
Is 75484 a multiple of 113?
True
Does 26 divide 1144?
True
Does 27 divide 12929?
False
Is 767 a multiple of 59?
True
Is 10 a factor of 500?
True
Is 42 a factor of 377?
False
Is 14469 a multiple of 18?
False
Does 22 divide 2222?
True
Is 1271 a multiple of 24?
False
Does 149 divide 28012?
True
Is 193 a factor of 8685?
True
Is 139 a factor of 10286?
True
Does 6 divide 79?
False
Does 75 divide 63225?
True
Is 21712 a multiple of 35?
False
Is 1745 a multiple of 19?
False
Does 36 divide 396?
True
Does 9 divide 2381?
False
Is 25 a factor of 7466?
False
Is 75782 a multiple of 36?
False
Is 8 a factor of 16552?
True
Is 122 a factor of 3904?
True
Is 101 a factor of 1021?
False
Does 22 divide 151744?
False
Is 7135 a multiple of 20?
False
Is 8842 a multiple of 23?
False
Is 30 a factor of 360?
True
Is 476 a multiple of 7?
True
Is 820 a multiple of 8?
False
Is 7 a factor of 2184?
True
Does 52 divide 2080?
True
Is 2125 a multiple of 24?
False
Does 46 divide 828?
True
Does 52 divide 260?
True
Is 92 a factor of 1513?
False
Is 17550 a multiple of 39?
True
Is 7 a factor of 435?
False
Is 798 a multiple of 3?
True
Is 531 a multiple of 66?
False
Is 18 a factor of 576?
True
Does 5 divide 3603?
False
Is 16 a factor of 31680?
True
Is 66 a multiple of 6?
True
Does 35 divide 4528?
False
Is 2256 a multiple of 24?
True
Is 286 a multiple of 3?
False
Does 15 divide 4995?
True
Is 1493 a multiple of 37?
False
Does 42 divide 24560?
False
Is 11 a factor of 1019?
False
Is 14 a factor of 6483?
False
Does 68 divide 1357?
False
Is 72 a factor of 7200?
True
Is 28 a factor of 4841?
False
Is 13 a factor of 4875?
True
Is 470 a multiple of 3?
False
Is 33 a factor of 1455?
False
Does 4 divide 30?
False
Is 3 a factor of 432?
True
Is 29700 a multiple of 275?
True
Is 14 a factor of 28496?
False
Does 316 divide 85342?
False
Is 572 a multiple of 98?
False
Does 121 divide 605?
True
Is 43 even?
False
Is 2226 a multiple of 53?
True
Is 7 a factor of 17772?
False
Does 22 divide 11462?
True
Is 1710 a multiple of 18?
True
Is 16 a factor of 223?
False
Is 144 a multiple of 12?
True
Is 69 a factor of 7541?
False
Does 5 divide 125?
True
Does 132 divide 9355?
False
Is 12 a factor of 2421?
False
Is 6286 even?
True
Is 41 a factor of 6027?
True
Is 51 a factor of 18819?
True
Does 11 divide 8384?
False
Does 8 divide 712?
True
Does 21 divide 105?
True
Does 8 divide 1560?
True
Is 1014 a multiple of 78?
True
Does 10 divide 375?
False
Is 40925 a multiple of 44?
False
Is 3072 a multiple of 16?
True
Does 23 divide 4117?
True
Is 4139 a multiple of 17?
False
Is 2 a factor of 836?
True
Does 51 divide 5406?
True
Is 2006 a multiple of 59?
True
Does 21 divide 25?
False
Does 70 divide 2170?
True
Does 7 divide 1435?
True
Is 2 a factor of 114?
True
Is 129 a factor of 6063?
True
Is 13751 a multiple of 45?
False
Is 15 a multiple of 9?
False
Is 503 even?
False
Is 294 a multiple of 7?
True
Is 720 a multiple of 16?
True
Does 3 divide 291?
True
Is 725 a multiple of 46?
False
Is 44 a factor of 48840?
True
Does 207 divide 13681?
False
Is 49588 a multiple of 20?
False
Is 884 a multiple of 13?
True
Does 39 divide 1351?
False
Does 12 divide 32286?
False
Does 28 divide 23800?
True
Is 29 a factor of 377?
True
Is 224 a multiple of 4?
True
Is 180 a multiple of 5?
True
Is 83424 a multiple of 79?
True
Is 23 a factor of 1909?
True
Is 4050 a multiple of 5?
True
Is 15 a factor of 131865?
True
Does 51 divide 4906?
False
Is 4951 a multiple of 13?
False
Is 3 a factor of 10597?
False
Is 83 a factor of 50132?
True
Does 9 divide 72?
True
Does 15 divide 8595?
True
Does 24 divide 1488?
True
Is 16 a factor of 2039?
False
Does 129 divide 15222?
True
Does 13 divide 3302?
True
Does 16 divide 1376?
True
Is 495 a multiple of 15?
True
Does 3 divide 112?
False
Is 30 a factor of 4680?
True
Is 594 a multiple of 18?
True
Is 38 a factor of 627?
False
Is 2002 a multiple of 13?
True
Does 10 divide 311?
False
Does 53 divide 20935?
True
Does 35 divide 1085?
True
Is 44 a factor of 5555?
False
Is 321 a multiple of 82?
False
Is 808 a multiple of 13?
False
Does 201 divide 12060?
True
Is 264 a multiple of 2?
True
Is 318 a factor of 112572?
True
Is 6554 a multiple of 113?
True
Is 2363 a multiple of 31?
False
Is 22 a factor of 15259?
False
Does 86 divide 10492?
True
Does 22 divide 8822?
True
Does 65 divide 3835?
True
Does 2 divide 4?
True
Does 134 divide 12088?
False
Is 6003 a multiple of 100?
False
Is 41 a factor of 164?
True
Does 196 divide 26314?
False
Does 8 divide 569?
False
Does 19 divide 10089?
True
Is 91 a factor of 182?
True
Is 43 a factor of 24797?
False
Is 11 a factor of 20478?
False
Does 73 divide 5334?
False
Is 38 a factor of 190?
True
Does 3 divide 273?
True
Does 37 divide 2468?
False
Is 5623 a multiple of 14?
False
Is 20 a multiple of 4?
True
Is 480 a multiple of 16?
True
Does 58 divide 22620?
True
Does 6 divide 15370?
False
Does 38 divide 3306?
True
Does 39 divide 8453?
False
Is 12582 a multiple of 8?
False
Is 545 a multiple of 3?
False
Is 2197 a multiple of 66?
False
Is 13032 a multiple of 18?
True
Is 136 a factor of 31688?
True
Is 51 a factor of 3398?
False
Is 74 a factor of 1655?
False
Is 20 a factor of 17653?
False
Does 37 divide 1847?
False
Is 4853 a multiple of 11?
False
Does 29 divide 6399?
False
Does 23 divide 12484?
False
Is 947 a multiple of 15?
False
Is 16558 a multiple of 19?
False
Is 412 a multiple of 23?
False
Is 13 a factor of 2027?
False
Does 12 divide 5676?
True
Is 19 a factor of 1938?
True
Is 46 a multiple of 3?
False
Is 5710 a multiple of 176?
False
Does 18 divide 450?
True
Is 9 a factor of 672?
False
Does 9 divide 6075?
True
Is 5054 a multiple of 14?
True
Does 32 divide 9079?
False
Is 4 a factor of 594?
False
Is 11094 a multiple of 146?
False
Is 32890 a multiple of 22?
True
Is 60 a factor of 11013?
False
Is 58 a factor of 17632?
True
Is 3772 a multiple of 92?
True
Is 37 a factor of 1923?
False
Is 51 a factor of 1052?
False
Does 137 divide 13563?
True
Is 270 a multiple of 5?
True
Is 21859 a multiple of 73?
False
Is 4859 a multiple of 119?
False
Does 71 divide 6106?
True
Is 34 a factor of 612?
True
Is 17102 a multiple of 11?
False
Does 44 divide 56577?
False
Is 1708 a multiple of 14?
True
Is 94 a multiple of 7?
False
Does 22 divide 346?
False
Is 10 a factor of 431?
False
Is 42 a factor of 3654?
True
Is 16710 a multiple of 12?
False
Does 4 divide 14340?
True
Is 1692 a multiple of 17?
False
Is 19872 a multiple of 18?
True
Does 69 divide 17286?
False
Is 2598 a multiple of 8?
False
Is 13011 a multiple of 20?
False
Does 72 divide 10800?
True
Does 5 divide 361?
False
Does 34 divide 204?
True
Is 1035 a multiple of 15?
True
Does 318 divide 20988?
True
Is 32 a factor of 161?
False
Is 1656 a multiple of 36?
True
Is 17 a factor of 731?
True
Is 1420 a multiple of 71?
True
Is 109 a factor of 37387?
True
Is 2730 a multiple of 14?
True
Is 26 a factor of 517?
False
Does 57 divide 1558?
False
Is 39 a factor of 780?
True
Does 88 divide 28952?
True
Does 18 divide 1006?
False
Is 1080 a multiple of 15?
True
Is 8653 a multiple of 58?
False
Is 500 a multiple of 76?
False
Is 14 a factor of 546?
True
Does 11 divide 585?
False
Is 390 a multiple of 6?
True
Is 2434 a multiple of 63?
False
Is 8 a factor of 194?
False
Is 9 a factor of 7282?
False
Is 7 a factor of 311?
False
Does 5 divide 1907?
False
Is 40 a factor of 14250?
False
Does 83 divide 5151?
False
Is 1166 a mult